t is b(-6)?
113
Let i(z) = z**3 - z**2 - 349*z - 720. Determine i(-17).
11
Let g(q) = 2*q**3 - 29*q**2 + 4*q - 24. Calculate g(14).
-164
Let r(s) = -97*s**2 - 82*s + 165. Determine r(2).
-387
Let t(p) = 98*p - 2457. What is t(25)?
-7
Let z(u) = -333*u + 2339. Calculate z(7).
8
Let r(q) = 2*q**3 - 143*q**2 + 345*q + 1. Determine r(69).
1
Let s(b) = -b**2 + 43*b + 351. Determine s(-7).
1
Let q(y) = 97*y**2 + 1064*y + 1. Give q(-11).
34
Let h(x) = 357*x + 1417. Give h(-4).
-11
Let g(x) = -139*x - 116. What is g(-1)?
23
Let q(p) = 16*p**2 + 137*p - 64. Calculate q(-9).
-1
Let k(p) = -30*p - 391. Calculate k(-13).
-1
Let m(p) = -133*p**2 - 113*p + 18. Calculate m(-1).
-2
Let z(c) = c**3 - 30*c**2 - 35*c + 120. What is z(31)?
-4
Let h(k) = -6*k**2 - 92*k + 202. What is h(-21)?
-512
Let s(q) = 39*q**2 + 26*q - 67. Give s(3).
362
Let t(x) = 16*x - 85. Calculate t(9).
59
Let q(b) = -b**2 + 70*b - 977. What is q(51)?
-8
Let f(t) = 6*t**3 - 6*t**2 - 7*t + 2. What is f(-2)?
-56
Let d(r) = 172*r**3 - 5*r**2 + 9*r - 5. Calculate d(1).
171
Let u(m) = -70*m + 50. What is u(6)?
-370
Let g(x) = 21*x - 129. Determine g(13).
144
Let j(r) = -18*r - 85. Determine j(10).
-265
Let c(v) = -v**2 - 20*v - 116. Calculate c(-4).
-52
Let p(a) = -157*a**3 - 50*a - 49. Calculate p(-1).
158
Let i(n) = 246*n - 1581. Calculate i(8).
387
Let j(v) = v**2 - 26*v + 96. Give j(23).
27
Let g(n) = -66*n**2 + n + 11. Give g(-3).
-586
Let j(a) = -52*a**2 - 778*a - 2582. What is j(-5)?
8
Let b(y) = y**3 - 10*y**2 + 15*y - 57. Determine b(9).
-3
Let n(q) = 5*q - 232. Calculate n(51).
23
Let a(s) = s**2 - 100*s + 254. Determine a(97).
-37
Let z(k) = 2*k - 26. Give z(-7).
-40
Let f(y) = -2*y**2 + 52*y - 91. Give f(27).
-145
Let w(p) = -6*p**2 - 59*p + 274. Give w(5).
-171
Let j(n) = 108*n - 652. Calculate j(6).
-4
Let t(h) = -480*h + 11058. Give t(23).
18
Let l(q) = 3*q**3 - 35*q**2 + 79*q - 76. Calculate l(9).
-13
Let n(t) = t + 42. Calculate n(24).
66
Let w(n) = n**3 - 26*n**2 + 19*n + 103. Calculate w(25).
-47
Let n(f) = 2*f**2 - 119*f - 1358. Give n(-12).
358
Let i(s) = -s**2 + 7*s + 116. What is i(16)?
-28
Let m(p) = p**3 - 39*p**2 + 29*p + 115. What is m(38)?
-227
Let k(u) = -126*u + 607. Give k(6).
-149
Let n(p) = -p**3 - 153*p**2 + 482*p - 21. Calculate n(3).
21
Let h(b) = -3*b**3 + 16*b**2 - 2*b + 16. Give h(5).
31
Let s(n) = -258*n**3 + n**2 - 5*n - 5. What is s(-1)?
259
Let d(y) = 149*y - 288. Calculate d(2).
10
Let k(x) = -x**2 + 64*x + 2226. Calculate k(-25).
1
Let w(m) = 9*m**3 + 23*m**2 - 4*m - 2. Determine w(-2).
26
Let z(l) = -90*l**2 + 22*l + 27. Determine z(-1).
-85
Let i(b) = -4*b**3 - 220*b**2 + 3*b + 155. Calculate i(-55).
-10
Let m(p) = -51*p + 65. Determine m(1).
14
Let y(k) = -k**3 - 9*k**2 + 12*k + 102. Calculate y(-9).
-6
Let t(b) = 17*b**3 + 23*b - 20. What is t(1)?
20
Let h(u) = 39*u**3 + 10*u**2 - 14*u + 4. What is h(1)?
39
Let t(r) = 75*r - 1129. Determine t(15).
-4
Let u(r) = -r**2 - 26*r - 98. What is u(-6)?
22
Let d(t) = -t**2 - 29*t + 337. Determine d(-26).
415
Let y(j) = j**3 - 50*j**2 - 186*j + 4273. Calculate y(52).
9
Let g(i) = -5*i**2 + 74*i + 503. Determine g(-5).
8
Let w(t) = 3847*t + 30772. Determine w(-8).
-4
Let h(f) = 12*f**3 - f**2 + 62*f + 140. Give h(-2).
-84
Let h(c) = -53*c**2 - c + 4. Give h(-1).
-48
Let u(o) = o**3 + 81*o**2 + 501*o - 112. Determine u(-7).
7
Let z(v) = -v**3 + 63*v**2 + 339*v - 1. Calculate z(-5).
4
Let w(x) = 351*x - 5616. Determine w(16).
0
Let b(o) = -2*o**2 - 175*o + 12467. What is b(-134)?
5
Let f(o) = 1037*o + 10451. What is f(-10)?
81
Let q(b) = 2*b**3 + 60*b**2 + 73*b + 43. What is q(-29)?
-392
Let f(u) = 42*u - 976. Calculate f(17).
-262
Let r(a) = -212*a + 4057. Calculate r(19).
29
Let k(z) = 2*z**3 + 86*z**2 - 86*z + 84. Give k(-44).
-4
Let z(i) = -10*i + 40. Determine z(-10).
140
Let b(h) = -2*h**3 + 13*h**2 + 53*h - 215. What is b(8)?
17
Let g(q) = 3*q**3 - 20*q**2 + 77*q - 179. Give g(4).
1
Let d(w) = 25*w**3 + 1026*w**2 + 40*w - 35. Determine d(-41).
6
Let b(r) = -4*r**2 + 48*r + 30. Give b(10).
110
Let t(l) = -2*l**3 + 5*l**2 + 15*l + 23. Give t(-3).
77
Let w(h) = -h**2 + 112*h + 2498. Determine w(-19).
9
Let m(b) = 87*b + 10711. Calculate m(-123).
10
Let w(n) = -113*n + 12528. What is w(111)?
-15
Let o(k) = -650*k + 3049. Give o(5).
-201
Let w(v) = -8*v**2 - 117*v + 63. Calculate w(-15).
18
Let x(o) = -1352*o + 243361. Determine x(180).
1
Let d(o) = o**3 - 24*o**2 - 285*o + 81. Give d(-9).
-27
Let f(x) = x**3 + 7*x**2 + 11*x + 6. Determine f(-1).
1
Let s(x) = 208*x - 3542. Calculate s(17).
-6
Let u(c) = 74*c + 11163. What is u(-149)?
137
Let c(p) = -6*p + 182. Calculate c(17).
80
Let n(g) = 686*g + 26753. Determine n(-39).
-1
Let v(w) = -w**3 + 25*w**2 + 230*w - 190. Determine v(32).
2
Let y(x) = -3*x**3 + 25*x**2 + 22*x - 34. What is y(9)?
2
Let d(o) = -150*o + 3456. Calculate d(23).
6
Let o(z) = z**3 + 14*z**2 - 57*z - 67. Give o(-17).
35
Let o(g) = -g**2 - 672*g - 5309. Give o(-8).
3
Let i(y) = -61*y - 895. Calculate i(-15).
20
Let y(k) = -k**3 - 11*k**2 + 43*k + 31. Calculate y(-14).
17
Let x(n) = n**3 - 4*n**2 - 3*n - 6. Determine x(5).
4
Let x(i) = -3*i**3 + 4*i**2 - 7*i - 5. What is x(2)?
-27
Let p(n) = n**2 - 900*n - 8172. Give p(-9).
9
Let n(i) = 103*i - 21. Determine n(0).
-21
Let w(q) = 21*q**2 - 505*q + 32. Calculate w(24).
8
Let f(n) = -429*n + 9874. Calculate f(23).
7
Let m(j) = j**2 - 14*j - 105. What is m(25)?
170
Let m(x) = -151*x**2 + 755*x - 13. Determine m(5).
-13
Let i(z) = -52*z - 1735. Give i(-37).
189
Let k(b) = b**3 - b**2 + 80. Give k(0).
80
Let h(u) = 348*u + 5578. What is h(-16)?
10
Let d(a) = -a**2 + 38*a - 328. Calculate d(22).
24
Let m(o) = -o**3 - 21*o**2 - 30*o - 210. Give m(-20).
-10
Let f(k) = -8*k**2 - 93*k - 69. Give f(-11).
-14
Let t(j) = -863*j - 30173. Calculate t(-35).
32
Let i(x) = -x**2 + 104*x - 2711. Determine i(40).
-151
Let g(i) = i**3 - 56*i**2 - 109*i - 412. Calculate g(58).
-6
Let k(l) = 116*l**3 - 9*l**2 - 13*l - 4. What is k(-1)?
-116
Let j(p) = -2*p**3 + 80*p**2 - 78*p - 90. Give j(39).
-90
Let g(o) = -12*o**3 + 96*o**2 + 6*o - 56. Determine g(8).
-8
Let u(y) = -16*y - 46. What is u(-4)?
18
Let w(g) = 2*g**3 - 108*g**2 + 207*g + 47. Give w(52).
-5
Let f(k) = -717*k**2 + 131209*k + 359. Determine f(183).
-7
Let o(u) = -u**2 + 12*u + 71. Give o(-9).
-118
Let g(t) = 2*t**2 - 618*t + 1843. What is g(3)?
7
Let c(o) = 2*o**3 + 174*o**2 - 1117*o + 7. What is c(6)?
1
Let u(d) = -2*d**2 + 3857*d - 45999. Determine u(12).
-3
Let n(u) = 101*u - 250. Give n(3).
53
Let f(h) = 6*h**2 + 119*h + 65. What is f(-18)?
-133
Let t(b) = 15*b**2 + 135*b + 310. Give t(-6).
40
Let r(s) = s**3 - 19*s**2 - 181*s - 32. Calculate r(26).
-6
Let j(p) = -p**3 + 39*p**2 - 81*p + 175. Calculate j(37).
-84
Let s(f) = 79*f**2 - 219*f - 2. Determine s(2).
-124
Let p(g) = -g**2 - 44*g - 377. Determine p(-12).
7
Let i(x) = -228*x - 2056. What is i(-9)?
-4
Let j(t) = -t**3 - 18*t**2 + 88*t - 22. Give j(-22).
-22
Let k(u) = 17*u - 601. Determine k(35).
-6
Let f(s) = 6*s - 30. Calculate f(-25).
-180
Let m(l) = l**3 - 25*l**2 + 86*l - 10. Determine m(4).
-2
Let w(u) = -18*u - 487. Determine w(-28).
17
Let h(n) = 72*n**3 + 3*n**2 - 6*n + 5. Give h(1).
74
Let c(b) = -57*b + 54. Give c(0).
54
Let g(b) = 35*b**3 + 6*b**2 + 14*b - 18. Calculate g(2).
314
Let a(o) = 195*o - 2330. What is a(12)?
10
Let o(p) = p**3 + 9*p**2 - 200*p - 1498. Determine o(-7).
0
Let l(w) = -67*w + 65. Determine l(1).
-2
Let j(a) = -10*a**3 + 208*a**2 + 48*a - 124. Calculate j(21).
2
Let h(c) = -5*c**2 - 54*c - 266. Give h(-5).
-121
Let h(o) = -o**2 - 4*o + 303. Determine h(27).
-534
Let l(g) = -2*g**3 + 2*g**2 + 44*g + 56. What is l(-4)?
40
Let m(h) = -21*h**3 + 14*h**2 - 15*h + 1. Calculate m(1).
-21
Let o(u) = -u**3 + 27*u**2 - 166*u + 6. Determine o(17).
74
Let g(a) = -2*a**2 + 10*a + 523. Calculate g(-23).
-765
Let s(f) = 3*f**3 + 37*f**2 + 39*f + 55. Give s(-11).
110
Let y(o) = -244*o**2 + 3420*o - 49. What is y(14)?
7
Let l(x) = 69*x + 159. Determine l(3).
366
Let k(g) = -19*g**2 - 309*g - 16. Calculate k(-15).
344
Let o(y) = y**3 - 10*y**2 + 19*y + 4. What is o(5)?
-26
Let n(j) = 67*j**2 + 100*j - 18. Give n(-3).
285
Let j(o) = -58*o + 362. What is j(5)?
72
Let z(x) = 5*x**2 - 1194*x - 11406. Determine z(248).
2